{"id":126,"date":"2023-08-03T14:52:03","date_gmt":"2023-08-03T17:52:03","guid":{"rendered":"http:\/\/governo.sorocaba.sp.gov.br\/procon\/?page_id=126"},"modified":"2024-04-18T13:08:46","modified_gmt":"2024-04-18T16:08:46","slug":"conselho","status":"publish","type":"page","link":"https:\/\/governo.sorocaba.sp.gov.br\/procon\/conselho\/","title":{"rendered":"Conselho Municipal de Prote\u00e7\u00e3o e Defesa do Consumidor"},"content":{"rendered":"<p style=\"text-align: justify;\">Conforme a Lei Municipal n\u00ba 11.648, em dezembro de 2017 foi institu\u00eddo Conselho Municipal de Prote\u00e7\u00e3o e Defesa do Consumidor \u2013 COMDECON, o qual atua na formula\u00e7\u00e3o de estrat\u00e9gias e diretrizes para a pol\u00edtica municipal de defesa do consumidor, faz a gest\u00e3o financeira e econ\u00f4mica dos recursos depositados no Fundo Municipal de Prote\u00e7\u00e3o e Defesa do Consumidor \u2013 FMDC, bem como delibera e aprova as solicita\u00e7\u00f5es do Servi\u00e7o Municipal de Prote\u00e7\u00e3o e Defesa do Consumidor \u2013 PROCON Sorocaba, entre outras atribui\u00e7\u00f5es.<\/p>\n<p style=\"text-align: justify;\">O Conselho Municipal de Prote\u00e7\u00e3o e Defesa do Consumidor \u2013 COMDECON \u00e9 composto por 09 (nove) membros, sendo 06 (seis) representantes de diversas secretarias municipais direta ou indiretamente correlacionadas ao Servi\u00e7o Municipal de Prote\u00e7\u00e3o e Defesa do Consumidor, 01 (um) representante da Ordem dos Advogados do Brasil \u2013 OAB (Subse\u00e7\u00e3o Sorocaba), 01 (um) representante dos fornecedores sorocabanos e o Presidente do Conselho, Superintendente do Procon Sorocaba.<\/p>\n<p style=\"text-align: justify;\">As reuni\u00f5es ordin\u00e1rias do Conselho s\u00e3o realizadas mensalmente e o calend\u00e1rio anual, as pautas das reuni\u00f5es, convoca\u00e7\u00e3o dos membros e atas s\u00e3o publicadas no Jornal do Munic\u00edpio.<\/p>\n<p style=\"text-align: justify;\">Ademais, para fins de maior transpar\u00eancia, todo conte\u00fado referente ao COMDECON consta em p\u00e1gina oficial da prefeitura.<\/p>\n<p><a style=\"color: blue;\" href=\"https:\/\/conselhos.sorocaba.sp.gov.br\/conselhos-municipais\/conselho-municipal-de-protecao-e-defesa-do-consumidor-comdecom\" target=\"blank;\">Clique aqui\u00a0para acessar<\/a><\/p>\n<p>&nbsp;<\/p>\n<div class=\"wp-block-group\"><\/div>\n","protected":false},"excerpt":{"rendered":"<p>Conforme a Lei Municipal n\u00ba 11.648, em dezembro de 2017 foi institu\u00eddo Conselho Municipal de Prote\u00e7\u00e3o e Defesa do Consumidor \u2013 COMDECON, o qual atua na formula\u00e7\u00e3o de estrat\u00e9gias e diretrizes para a pol\u00edtica municipal de defesa do consumidor, faz a gest\u00e3o financeira e econ\u00f4mica dos recursos depositados no Fundo Municipal de Prote\u00e7\u00e3o e Defesa&nbsp; <a href=\"https:\/\/governo.sorocaba.sp.gov.br\/procon\/conselho\/\">&hellip; Leia mais<\/a><\/p>\n","protected":false},"author":1,"featured_media":0,"parent":0,"menu_order":0,"comment_status":"closed","ping_status":"closed","template":"page-subsite-menu.php","meta":{"footnotes":""},"class_list":["post-126","page","type-page","status-publish","hentry"],"_links":{"self":[{"href":"https:\/\/governo.sorocaba.sp.gov.br\/procon\/wp-json\/wp\/v2\/pages\/126","targetHints":{"allow":["GET"]}}],"collection":[{"href":"https:\/\/governo.sorocaba.sp.gov.br\/procon\/wp-json\/wp\/v2\/pages"}],"about":[{"href":"https:\/\/governo.sorocaba.sp.gov.br\/procon\/wp-json\/wp\/v2\/types\/page"}],"author":[{"embeddable":true,"href":"https:\/\/governo.sorocaba.sp.gov.br\/procon\/wp-json\/wp\/v2\/users\/1"}],"replies":[{"embeddable":true,"href":"https:\/\/governo.sorocaba.sp.gov.br\/procon\/wp-json\/wp\/v2\/comments?post=126"}],"version-history":[{"count":21,"href":"https:\/\/governo.sorocaba.sp.gov.br\/procon\/wp-json\/wp\/v2\/pages\/126\/revisions"}],"predecessor-version":[{"id":706,"href":"https:\/\/governo.sorocaba.sp.gov.br\/procon\/wp-json\/wp\/v2\/pages\/126\/revisions\/706"}],"wp:attachment":[{"href":"https:\/\/governo.sorocaba.sp.gov.br\/procon\/wp-json\/wp\/v2\/media?parent=126"}],"curies":[{"name":"wp","href":"https:\/\/api.w.org\/{rel}","templated":true}]}}

Conselho Municipal de Proteção e Defesa do Consumidor

<p style="text-align: justify;">Conforme a Lei Municipal nº 11.648, em dezembro de 2017 foi instituído Conselho Municipal de Proteção e Defesa do Consumidor – COMDECON, o qual atua na formulação de estratégias e diretrizes para a política municipal de defesa do consumidor, faz a gestão financeira e econômica dos recursos depositados no Fundo Municipal de Proteção e Defesa do Consumidor – FMDC, bem como delibera e aprova as solicitações do Serviço Municipal de Proteção e Defesa do Consumidor – PROCON Sorocaba, entre outras atribuições.</p>
<p style="text-align: justify;">O Conselho Municipal de Proteção e Defesa do Consumidor – COMDECON é composto por 09 (nove) membros, sendo 06 (seis) representantes de diversas secretarias municipais direta ou indiretamente correlacionadas ao Serviço Municipal de Proteção e Defesa do Consumidor, 01 (um) representante da Ordem dos Advogados do Brasil – OAB (Subseção Sorocaba), 01 (um) representante dos fornecedores sorocabanos e o Presidente do Conselho, Superintendente do Procon Sorocaba.</p>
<p style="text-align: justify;">As reuniões ordinárias do Conselho são realizadas mensalmente e o calendário anual, as pautas das reuniões, convocação dos membros e atas são publicadas no Jornal do Município.</p>
<p style="text-align: justify;">Ademais, para fins de maior transparência, todo conteúdo referente ao COMDECON consta em página oficial da prefeitura.</p>
<p><a style="color: blue;" href="https://conselhos.sorocaba.sp.gov.br/conselhos-municipais/conselho-municipal-de-protecao-e-defesa-do-consumidor-comdecom" target="blank;">Clique aqui para acessar</a></p>
<p>&nbsp;</p>
<div class="wp-block-group"></div>

<p>Conforme a Lei Municipal nº 11.648, em dezembro de 2017 foi instituído Conselho Municipal de Proteção e Defesa do Consumidor – COMDECON, o qual atua na formulação de estratégias e diretrizes para a política municipal de defesa do consumidor, faz a gestão financeira e econômica dos recursos depositados no Fundo Municipal de Proteção e Defesa&nbsp; <a href="https://governo.sorocaba.sp.gov.br/procon/conselho/">&hellip; Leia mais</a></p>
