{"id":726,"date":"2024-05-24T14:44:00","date_gmt":"2024-05-24T17:44:00","guid":{"rendered":"http:\/\/governo.sorocaba.sp.gov.br\/procon\/?page_id=726"},"modified":"2025-03-14T12:13:59","modified_gmt":"2025-03-14T15:13:59","slug":"reclamacao-fundamentada","status":"publish","type":"page","link":"https:\/\/governo.sorocaba.sp.gov.br\/procon\/reclamacao-fundamentada\/","title":{"rendered":"Cadastro das Reclama\u00e7\u00f5es Fundamentadas"},"content":{"rendered":"<ul>\n<li><a href=\"http:\/\/governo.sorocaba.sp.gov.br\/procon\/wp-content\/uploads\/sites\/3\/2025\/03\/relatorioreclamacaofundamentada-2024.pdf\">Relat\u00f3rio Reclama\u00e7\u00e3o Fundamentada &#8211; 2024<\/a><\/li>\n<\/ul>\n<p>&nbsp;<\/p>\n","protected":false},"excerpt":{"rendered":"<p>Relat\u00f3rio Reclama\u00e7\u00e3o Fundamentada &#8211; 2024 &nbsp;<\/p>\n","protected":false},"author":21,"featured_media":0,"parent":0,"menu_order":0,"comment_status":"closed","ping_status":"closed","template":"","meta":{"footnotes":""},"class_list":["post-726","page","type-page","status-publish","hentry"],"_links":{"self":[{"href":"https:\/\/governo.sorocaba.sp.gov.br\/procon\/wp-json\/wp\/v2\/pages\/726","targetHints":{"allow":["GET"]}}],"collection":[{"href":"https:\/\/governo.sorocaba.sp.gov.br\/procon\/wp-json\/wp\/v2\/pages"}],"about":[{"href":"https:\/\/governo.sorocaba.sp.gov.br\/procon\/wp-json\/wp\/v2\/types\/page"}],"author":[{"embeddable":true,"href":"https:\/\/governo.sorocaba.sp.gov.br\/procon\/wp-json\/wp\/v2\/users\/21"}],"replies":[{"embeddable":true,"href":"https:\/\/governo.sorocaba.sp.gov.br\/procon\/wp-json\/wp\/v2\/comments?post=726"}],"version-history":[{"count":6,"href":"https:\/\/governo.sorocaba.sp.gov.br\/procon\/wp-json\/wp\/v2\/pages\/726\/revisions"}],"predecessor-version":[{"id":764,"href":"https:\/\/governo.sorocaba.sp.gov.br\/procon\/wp-json\/wp\/v2\/pages\/726\/revisions\/764"}],"wp:attachment":[{"href":"https:\/\/governo.sorocaba.sp.gov.br\/procon\/wp-json\/wp\/v2\/media?parent=726"}],"curies":[{"name":"wp","href":"https:\/\/api.w.org\/{rel}","templated":true}]}}

Cadastro das Reclamações Fundamentadas

<ul>
<li><a href="http://governo.sorocaba.sp.gov.br/procon/wp-content/uploads/sites/3/2025/03/relatorioreclamacaofundamentada-2024.pdf">Relatório Reclamação Fundamentada &#8211; 2024</a></li>
</ul>
<p>&nbsp;</p>

<p>Relatório Reclamação Fundamentada &#8211; 2024 &nbsp;</p>
