{"id":74,"date":"2023-08-03T13:37:56","date_gmt":"2023-08-03T16:37:56","guid":{"rendered":"http:\/\/governo.sorocaba.sp.gov.br\/procon\/?page_id=74"},"modified":"2024-04-17T11:20:42","modified_gmt":"2024-04-17T14:20:42","slug":"portarias","status":"publish","type":"page","link":"https:\/\/governo.sorocaba.sp.gov.br\/procon\/portarias\/","title":{"rendered":"Portarias"},"content":{"rendered":"<h4><strong>PORTARIA 001\/2018 \u2013 PROCON SOROCABA<\/strong><\/h4>\n<p style=\"text-align: justify;\">Disp\u00f5e sobre o \u201cAuto de Fiscaliza\u00e7\u00e3o Orientadora \u2013 Fiscaliza\u00e7\u00e3o de produtos e da presta\u00e7\u00e3o de servi\u00e7os\u201d em diversos estabelecimentos comerciais. Estas regras permitem que as empresas sejam orientadas antecipadamente, quanto \u00e0s normas que devem cumprir para atender \u00e0s exig\u00eancias da fiscaliza\u00e7\u00e3o de prote\u00e7\u00e3o e defesa do consumidor.<\/p>\n<p><a style=\"color: blue;\" href=\"http:\/\/governo.sorocaba.sp.gov.br\/procon\/wp-content\/uploads\/sites\/3\/2023\/08\/portaria001fiscorientadora-1.pdf\" target=\"_blank\" rel=\"noreferrer noopener\">Portaria 001\/2018 \u2013 PROCON Sorocaba<\/a><\/p>\n<h4><strong>PORTARIA 002\/2018 \u2013 PROCON SOROCABA<\/strong><\/h4>\n<p style=\"text-align: justify;\">Disp\u00f5e sobre o procedimento de credenciamento renova\u00e7\u00e3o bianual da c\u00e9dula de identidade fiscal de agente de fiscaliza\u00e7\u00e3o municipal, para o exerc\u00edcio da atividade de fiscaliza\u00e7\u00e3o do mercado de consumo e d\u00e1 outras provid\u00eancias.<\/p>\n<h4><strong>PORTARIA 003\/2018 \u2013 PROCON SOROCABA<\/strong><\/h4>\n<p style=\"text-align: justify;\">Estabelece os procedimentos a serem adotados para aplica\u00e7\u00e3o das sans\u00f5es administrativas de forma cautelar ou incidental.<\/p>\n<p><strong>PORTARIA 004\/2018 \u2013 PROCON SOROCABA<\/strong><\/p>\n<p style=\"text-align: justify;\">Disp\u00f5e sobre as atividades e situa\u00e7\u00f5es cujo grau de risco seja considerado alto para fins do disposto no par\u00e1grafo 3\u00ba do artigo 55 da Lei Complementar 123\/06, com as modifica\u00e7\u00f5es inclu\u00eddas pela Lei Complementar 155\/16 \u2013 Fiscaliza\u00e7\u00e3o Orientadora \u2013 Crit\u00e9rio da Dupla Visita \u2013 Microempresas e Empresas de Pequeno Porte e do regulado na portaria 001\/2018 \u2013 PROCON Sorocaba, no que tange ao \u00e2mbito do Servi\u00e7o Municipal de Prote\u00e7\u00e3o e Defesa do Consumidor \u2013 PROCON Sorocaba, e d\u00e1 outras provid\u00eancias.<\/p>\n<p><a style=\"color: blue;\" href=\"http:\/\/governo.sorocaba.sp.gov.br\/procon\/wp-content\/uploads\/sites\/3\/2023\/08\/portarias002003004procon.pdf\" target=\"_blank\">Portaria 002, 003 e 004 &#8211; PROCON Sorocaba<\/a><\/p>\n","protected":false},"excerpt":{"rendered":"<p>PORTARIA 001\/2018 \u2013 PROCON SOROCABA Disp\u00f5e sobre o \u201cAuto de Fiscaliza\u00e7\u00e3o Orientadora \u2013 Fiscaliza\u00e7\u00e3o de produtos e da presta\u00e7\u00e3o de servi\u00e7os\u201d em diversos estabelecimentos comerciais. Estas regras permitem que as empresas sejam orientadas antecipadamente, quanto \u00e0s normas que devem cumprir para atender \u00e0s exig\u00eancias da fiscaliza\u00e7\u00e3o de prote\u00e7\u00e3o e defesa do consumidor. Portaria 001\/2018 \u2013&nbsp; <a href=\"https:\/\/governo.sorocaba.sp.gov.br\/procon\/portarias\/\">&hellip; Leia mais<\/a><\/p>\n","protected":false},"author":43,"featured_media":0,"parent":0,"menu_order":0,"comment_status":"closed","ping_status":"closed","template":"page-subsite-menu.php","meta":{"footnotes":""},"class_list":["post-74","page","type-page","status-publish","hentry"],"_links":{"self":[{"href":"https:\/\/governo.sorocaba.sp.gov.br\/procon\/wp-json\/wp\/v2\/pages\/74","targetHints":{"allow":["GET"]}}],"collection":[{"href":"https:\/\/governo.sorocaba.sp.gov.br\/procon\/wp-json\/wp\/v2\/pages"}],"about":[{"href":"https:\/\/governo.sorocaba.sp.gov.br\/procon\/wp-json\/wp\/v2\/types\/page"}],"author":[{"embeddable":true,"href":"https:\/\/governo.sorocaba.sp.gov.br\/procon\/wp-json\/wp\/v2\/users\/43"}],"replies":[{"embeddable":true,"href":"https:\/\/governo.sorocaba.sp.gov.br\/procon\/wp-json\/wp\/v2\/comments?post=74"}],"version-history":[{"count":14,"href":"https:\/\/governo.sorocaba.sp.gov.br\/procon\/wp-json\/wp\/v2\/pages\/74\/revisions"}],"predecessor-version":[{"id":683,"href":"https:\/\/governo.sorocaba.sp.gov.br\/procon\/wp-json\/wp\/v2\/pages\/74\/revisions\/683"}],"wp:attachment":[{"href":"https:\/\/governo.sorocaba.sp.gov.br\/procon\/wp-json\/wp\/v2\/media?parent=74"}],"curies":[{"name":"wp","href":"https:\/\/api.w.org\/{rel}","templated":true}]}}